2)?
-13
-6 - (8 + -28) - (2 - 5)
17
What is the value of -10 - (47 + 15 + -24)?
-48
What is (28 + -2 - (640 - 647)) + -35?
-2
What is (25 - 35) + (-9 - -4 - -13) + 16?
14
What is -8 - (-2 - 83 - (0 + -11))?
66
Calculate (-93 - -80 - 1) + 65 + 1 + -1.
51
Calculate 56 - (-41 + 58) - 12.
27
What is 11 + -15 - 4 - (36 + -4 + -8)?
-32
What is 372 + -434 - (-6 + 28 + 7)?
-91
Calculate 82 + -79 + (0 + -65 - (-2 - -3)).
-63
What is the value of -42 + -8 + (-46 - -53)?
-43
What is the value of (-16 - -18) + -5 + 1 + (-1 - (3 + -9))?
3
Calculate -2 + (-12 - (-24 - -32 - (22 - 4))) + -74.
-78
Evaluate 20 - (-33 + 36 + (-4 - 25)).
46
What is the value of -16 - (-58 + (18 - (50 + -20)))?
54
What is 23 + (-53 + 29 - -27)?
26
Calculate (19 - (-1 - -1)) + (8694 - 8783).
-70
What is the value of (-5 - 22) + 4 + 1742 + -1633?
86
Calculate (66 - 0) + (12 - (-91 - -122)).
47
Calculate 2 + 1 - -15 - (-1810 - -1812).
16
Evaluate 9 + (-8 + 5 + 6 + -8 - -72).
76
What is the value of -34 + (110 - (7 - (15 - 32)))?
52
Evaluate (-8 - (3 - 34) - 10) + (-12 - -16 - -14).
31
(38 - 10) + -54 - -48
22
Evaluate -1 + 5 - (-5 + -26 - (20 + 11 - 30)).
36
-14 + (-82 - -100 - 81)
-77
Calculate -122 - (-15 - (-38 - -97)).
-48
What is -45 + 2 - (-8 + -3 + -29 + 36)?
-39
What is the value of (-12 - (1 + (8 - -7 - 13) - 28)) + -97?
-84
What is -200 + (-10 - -113) + 125?
28
Evaluate (-98 - -82 - (-6 - -2)) + -17 + 10 + -30.
-49
What is the value of 13 - (10 - (15 + -7)) - (51 + 16 + -30)?
-26
Evaluate 75 + -65 + (-98 - -113).
25
What is the value of (14 + -11 - (-3 - 9)) + -5?
10
-2257 + 2240 + -40 + 2
-55
What is the value of -51 + (34 - -17) - (-2 - 0 - -9)?
-7
Evaluate (3 - (0 + -25) - 3) + (-755 - -761).
31
What is (-14 + 5 - -5) + -2 + 15 + -19?
-10
-9 + (-1 + 0 - 8) + 12 + -30
-36
Evaluate (2 - (5 + 2)) + (-8 - (-6 + (-3 - -9))).
-13
Evaluate (-1 - -2) + 96 + (9 - (-58 - -59) - 4).
101
Evaluate -64 - (-25 - (-45 - -65)).
-19
Evaluate 4 - 5 - (-52 - -1 - (-13 - (-8 + 7))).
38
What is the value of -6769 - -6823 - (-17 + 1)?
70
What is the value of (-67 - 0) + (948 + -886 - (70 - 3))?
-72
(41 - 99 - -49) + 76
67
143 + -138 + 0 + (6 - (56 - (-5 - 1)))
-51
Evaluate 2 + 5 + (-1 - 4 - -33).
35
Evaluate 128 + -27 + 20 + -11.
110
(-6 - 4) + -2 + 31 + -50
-31
What is 56 + (-23 + (31 - 12) - 8)?
44
Calculate -53 + 14 + (153 - 89).
25
0 + (-1 - (6 + -21 - (-34 - -8)))
-12
(-340 - -160) + 37 - -98
-45
What is the value of 193 - 195 - (-34 - (-3 + 3 - 1))?
31
What is the value of 3 + 10 + -112 + (11 - 13) + -18?
-119
What is 1 + 34 + (-35 - (-1 + -12))?
13
What is the value of (0 - (3 + -6)) + 3 - (-352 + 409) - 0?
-51
Calculate (-5 - -2) + (-10 + 18 + (0 - -9) - 1).
13
Calculate 10 + 0 - (4936 + -4839).
-87
Evaluate 284 + -312 + (-3 - -3) + 3 - -7.
-18
Calculate 4 - ((-8 - 21) + 7) - 15 - -21.
32
Calculate (14 + -1 + -13 + (0 - -6) - 8) + 103.
101
What is -2 - (14 + -8 + -11 + 49 - 3)?
-43
What is 12 + -22 - -7 - (0 + 2 - -63 - 0)?
-68
Evaluate (1 - (8 + 1)) + 14 + 5 + -139 + 121.
-7
What is -4 + -2 - (14 - -5 - 66) - (-27 + 16)?
52
(-3 - (-2 - 7 - -10) - -16) + (17 - 2)
27
-111 + 66 + 106 + -139
-78
What is -23 - (-18 - (18 - 21)) - (-112 + 2) - 7?
95
Evaluate -11 - ((8 - (-13 - (-2 - 13))) + -85 + 4).
64
Calculate (51 + -87 - -63) + -83.
-56
Evaluate -10 + 0 + 2 + 0 - (132 - 9 - 196).
65
Calculate (54 - 1) + 6 + -59 + 42.
42
Evaluate -16 - (-22 + (7 - (13 - 11))).
1
Evaluate -12 + 175 + -73 + -93.
-3
Calculate -160 + -54 - -76 - -245.
107
Evaluate -28 - (54 + -39) - -106 - -48.
111
(20 - (-346 + 339 - (25 - 1))) + -7
44
What is -61 + 79 + (-51 - 16)?
-49
What is -2 + -114 - (-7016 - -6991)?
-91
Evaluate -2 + 1 + 6 + -13 + -5 - 33.
-46
(37 - 24 - 35) + -2 + -1 + (2 - -7)
-16
Calculate 55 + -21 + 14 - 36.
12
Evaluate 61 + (-159 - -71) - -14.
-13
Evaluate (2 - (-22 + 8)) + (-4 - 0) - 7.
5
What is (-60 - (4 - 0)) + (-75 - -49) + -1 + -4?
-95
Evaluate (6 - 34) + 1 + -23 + 22 + 0.
-28
What is -3 + -2 - (16 - (27 + -36) - 86)?
56
What is the value of 32 - (3 - -35 - (22 + 4))?
20
What is the value of 2 - 63 - ((10 + -37 + 14 - -1) + 11)?
-60
Calculate -49 + (-3 - 26) + 27.
-51
18 - (-36 - -48 - -26)
-20
Evaluate -29 - ((-33 - (-47 - -24)) + 20).
-39
46 - (42 - (-14 + 139 - 45))
84
Calculate (3 - -3 - (27 + -27 + (-3 - -16))) + -13.
-20
-19 + 32 + -10 + (9 - 9 - -14 - 2)
15
Evaluate -10 + (1 - -4 - (1 - -2)) + (1 - 0).
-7
What is 0 + -22 + 12 + 17 + -21 - -53?
39
What is 14 - -24 - (35 + 46)?
-43
What is the value of 4 + 8 + -9 + 13 + -89 - (18 + -6)?
-85
What is the value of (21 - 0) + (456 - 468) + -2 + -2?
5
-14 - ((-67 - -56) + (16 - 0)) - -42
23
Calculate 17 + -46 + -40 + (-43 - -62).
-50
What is the value of 16 + -65 + 66 + 1 + -65?
-47
What is (-2 - (5 + -5)) + (-70 - -76) + 2 + 40?
46
Evaluate -81 + 0 + (-10 - 4) + 28 + -25 - -9.
-83
Evaluate (-13 + 0 + 4 - (-10 + 7)) + -100 + 95.
-11
What is -68 - (556 + -556 - (-1 - -1 - -4))?
-64
Evaluate 3 + (3 - 30 - 4).
-28
Calculate 296 + -317 - (22 - (10 + -11)).
-44
What is the value of 22 + (33 - (42 - -25))?
-12
What is the value of (22 + 1 - (-49 + 101)) + (-1 - -12)?
-18
What is the value of -17 + 6 - ((-5 - (60 - 7)) + 13)?
34
Calculate 1 + -24 + 223 + -199 - (78 - 1).
-76
What is 1 + -20 + -1 + (-2 - 25)?
-47
-159 + (180 + -8 - 49)
-36
What is 0 + -63 - ((-100 - -212) + -121)?
-54
Evaluate -3 - -13 - (391 + -392).
11
Calculate (23 - -39 - (2 + -5)) + (-3 - (-23 + 17)).
68
Evaluate -4 - -18 - (-180 - -185).
9
(-25 - 89) + (158 - 108)
-64
What is (5 - (-20 + -41 + -24)) + -17?
73
What is 15 + -1 + (76 - (-39 - -89) - 61)?
-21
What is (-44 - (0 + -53)) + -26?
-17
What is -25 + (887 + -909 - (-7 - 0))?
-40
What is the value of 54 + -48 + -57 + 3?
-48
19 + -77 + 13 - (-7 + 0)
-38
Calculate -9 - (1 + -83 + (31 - 23)).
65
What is (153 - 154) + (-4 + -5 - -16)?
6
Calculate 424 - 400 - (3 - 47).
68
What is the value of (1 - 74) + 1103 + -1045?
-15
Calculate 62 + -3 + 3 - (22 - (11 + 4) - 15).
70
What is the value of 23 + (-33 - -29) + 45?
64
29 + (7 - 17) - -2 - (62 - 42)
1
(0 - -39 - (591 - 569)) + 15
32
What is the value of -14 + 17 + -31 + 52 - (14 + -2)?
12
What is (3 - 9 - (12 - 26)) + -42 + 35 + -41?
-40
108 - (-30 - (-28 - 14) - 1)
97
-19 - (-21 + 8 + -12) - -51
57
Calculate (-312 - (-74 - 68)) + 14.
-156
Evaluate (361 - 390 - (-6 + -2)) + -71.
-92
(-3 - -43) + (-6 - (11 + -30 - -22))
31
What is the value of -20 + (-2 - -22 - 45 - -2)?
-43
Calculate (-7 - ((3 - 13) + -13)) + -8.
8
What is the value of (-22 - -4) + -20 + -63 + -2 + 0?
-103
Calculate (1 - 5) + 60 - (-17 - (-30 - 0)).
43
What is the value of 3 - 1 - (20 + (19 - 73) + 7 + 3)?
26
What is -6 - -41 - (35 + -36 - (28 - 20))?
44
What is (40 - (-44 + 104)) + -1 + 0 + 69?
48
What is -144 - (-182 - -25 - -111)?
-98
What is -2 + 1 + 0 + 71 + -80 + 62?
52
Evaluate 0 + 47 + 15980 + -15957.
70
Evaluate (13 - (0 + 13) - -22) + (-2 - 8).
12
(-5 + 27 - (3 - (8 + -6) - -13)) + -6
2
What is the value of -24 - (-57 - -78) - -50?
5
Evaluate 87 - (175 + -92) - (13 - 1) - (14 - 1).
-21
What is (-4 + -22 - -33) + (-60 - (-9 + 6) - 0)?
-50
-39 + 66 - -6 - -32
65
Calculate 150 + -87 - (2 + 37).
24
Evaluate (22 - 4) + 1 - (5 - -3) - -44.
55
What is the value of 3 + -27 + 70 + -80?
-34
What is the value of 8 + (-13 - -8) - -6?
9
What is the value of -67 - (112 - 140 - (-1 + 2) - -7)?
-45
(224 - 138) + -47 + -4
35
(2 + -1 + 10 + -3 - (131 + -123)) + 12
12
What is the value of 51 - (44 + 155) - -97?
-51
What is -82 - -13 - ((2 - (-3 - (-4 - 8))) + 4)?
-66
Calculate 53 + (-54 - 8) + -2.
-11
Calculate 3 + 2 + 29 - (113 - 5).
-74
64 - (158 + (-137 - -59))
-16
Evaluate -43 + (-13 - (-17 - (-13 + -17 + 14))).
-55
Evaluate 16 - -2 - (9 + -5) - (-170 + 179).
5
What is the value of (8 - 5 - 61) + -51 + 73?
-36
What is (-2 - -57) + -30 + 20?
45
Evaluate -8 + -1 + 1 + -6111 + 6115.
-4
What is the value of (86 - -3) + 1 - (379 - 383)?
94
Evaluate (3 - 13 - -4) + 4 + (9 + 7 - -13).
27
Calculate 81 + -77 - ((-21 - -14) + -2 + 0).
13
Evaluate (-1885 - -1895) + -39 + (3 - 1) + -18.
-45
Evaluate -122 - (-15 - (-9 + 17)) - (-1 - -12 - 3).
-107
Evaluate 14 + -10 + (-37 + (-2 - 0) - (43 - 36)).
-42
Calculate -3 + (-23 - (-44 + 30 - (-3 + -19))).
-34
Evaluate -4 + 0 + -1 + (-37 - -22 - -7).
-13
Calculate -158 + 221 + -95 + 